6, what is -9a87 - -2?
-9a85
In base 10, what is 283023 + 6?
283029
In base 5, what is 202224242 + -1?
202224241
In base 6, what is -10020552 - -3?
-10020545
In base 3, what is -101202022110 + -1?
-101202022111
In base 15, what is -2 + 1151a?
11518
In base 2, what is -1100010 - 111001111011?
-111011011101
In base 10, what is -9054 - -5?
-9049
In base 2, what is 1000010000100010111 - 100?
1000010000100010011
In base 4, what is 13 + 110120211?
110120230
In base 11, what is 4 - -24335?
24339
In base 4, what is 2223 + 3?
2232
In base 15, what is -3b50a + 5?
-3b505
In base 2, what is -10011 + -1010111110?
-1011010001
In base 8, what is 30 - 1337?
-1307
In base 13, what is -3 - 186c?
-1872
In base 8, what is 3334440 + 1?
3334441
In base 6, what is 31015 - 201?
30414
In base 12, what is -ab81 - 2?
-ab83
In base 13, what is -5a30 + -c?
-5a3c
In base 14, what is -5 + -1740?
-1745
In base 5, what is 224 - 344?
-120
In base 5, what is 2 - -1224131?
1224133
In base 7, what is 1 - 101101?
-101100
In base 13, what is -c7aa9 - -2?
-c7aa7
In base 10, what is 3 - 15096?
-15093
In base 12, what is 10b9 - b?
10aa
In base 6, what is -230040 - -14?
-230022
In base 11, what is 3a7 + -402?
-6
In base 3, what is 1100120221 - 12?
1100120202
In base 12, what is 80b92 - -4?
80b96
In base 9, what is -4 - 473346?
-473351
In base 12, what is -3 - b2b0?
-b2b3
In base 8, what is 6 - 5341?
-5333
In base 9, what is 122363 + -7?
122355
In base 5, what is -114003 + 123?
-113330
In base 9, what is 16 - -4255?
4272
In base 13, what is 19 + 7b00?
7b19
In base 3, what is -1001111 - 2002102?
-10010220
In base 6, what is -435 + 13001?
12122
In base 5, what is -10 + -2002424?
-2002434
In base 4, what is 111200 - 1131?
110003
In base 5, what is 230 + 12114?
12344
In base 4, what is -1 - 2130222?
-2130223
In base 14, what is -30d9 + 14?
-30c5
In base 15, what is -1ecb6 - 0?
-1ecb6
In base 15, what is -11 - 1d642?
-1d653
In base 5, what is 4302404 + 10?
4302414
In base 10, what is 281074 + -20?
281054
In base 4, what is 12323303 + -31?
12323212
In base 15, what is -75b2 - -2?
-75b0
In base 12, what is -31480 + 12?
-3146a
In base 2, what is -10 + 1010000110011000011?
1010000110011000001
In base 10, what is 580 - 12?
568
In base 5, what is -2400031 - -1?
-2400030
In base 7, what is -2014330 + 0?
-2014330
In base 9, what is 1 + -78837?
-78836
In base 8, what is -6 + -327707?
-327715
In base 4, what is 13301320 - 0?
13301320
In base 9, what is 324 - 147?
166
In base 7, what is -43 + 10204?
10131
In base 11, what is -15 - -46a76?
46a61
In base 15, what is -57 + 40c4?
406c
In base 10, what is 1 - -2554?
2555
In base 9, what is 3858 - -31?
4000
In base 16, what is -a1 + 23?
-7e
In base 7, what is -350366 + -2?
-350401
In base 13, what is cb893 - -1?
cb894
In base 7, what is -10 - 4602002?
-4602012
In base 4, what is -11 - -1113302103?
1113302032
In base 15, what is a1158 - 4?
a1154
In base 5, what is 3233122 + 10?
3233132
In base 3, what is 1011 + 202200?
210211
In base 12, what is -12 + 2050?
203a
In base 8, what is 111 + -145?
-34
In base 13, what is 21 + -973?
-952
In base 9, what is -664557 - 8?
-664566
In base 2, what is -1001011001010111111 - 1100?
-1001011001011001011
In base 2, what is -1011101111110101111 - 0?
-1011101111110101111
In base 15, what is -14 + a6?
92
In base 5, what is 10141 - 3442?
1144
In base 11, what is 11524 + 3?
11527
In base 3, what is 11111 - -1120100?
1201211
In base 4, what is 10321 + 102?
11023
In base 2, what is -1000010 - -100000100101011?
100000011101001
In base 7, what is -1516 + 10121?
5302
In base 10, what is 88639 - 4?
88635
In base 14, what is 5 + 26c64?
26c69
In base 5, what is 2 - 34333?
-34331
In base 11, what is 143 + -120?
23
In base 16, what is 4 + 6194?
6198
In base 5, what is -3 + 14423020?
14423012
In base 4, what is -20331 - 1?
-20332
In base 10, what is -675 + 137?
-538
In base 14, what is -507 - 6b6?
-bbd
In base 7, what is -265153 + 2?
-265151
In base 10, what is 38678 - 3?
38675
In base 8, what is 20246 - 205?
20041
In base 5, what is -3232021 + -24?
-3232100
In base 6, what is -5 + -4340412?
-4340421
In base 12, what is -3 - -14293a?
142937
In base 12, what is 99279 - -2?
9927b
In base 14, what is -55d3 + 5?
-55cc
In base 9, what is -1 + 43820?
43818
In base 6, what is 303203151 - -3?
303203154
In base 14, what is -8 + 572c?
5724
In base 16, what is -1ae - -456?
2a8
In base 4, what is 1132 - -1311223?
1313021
In base 6, what is 52442 - 1?
52441
In base 9, what is -55 - 24412?
-24467
In base 11, what is 79368 + 40?
793a8
In base 7, what is 6 + -231415?
-231406
In base 16, what is -5 + 1497?
1492
In base 7, what is -125 + 140?
12
In base 8, what is -231 + -672?
-1123
In base 3, what is 100020 + 2110111?
2210201
In base 10, what is -154 - 570?
-724
In base 12, what is -20a + 37?
-193
In base 5, what is 421 + -114312?
-113341
In base 9, what is 5 + -21056?
-21051
In base 8, what is 366203 + 0?
366203
In base 16, what is 1 + 54f3?
54f4
In base 6, what is 502130 - -53?
502223
In base 8, what is -3 - -164070?
164065
In base 3, what is 20 - 222212?
-222122
In base 15, what is -5 - 31b8?
-31bd
In base 2, what is -11 + -10000011101?
-10000100000
In base 15, what is -5d773b - 1?
-5d773c
In base 15, what is -11c + 8d?
-7e
In base 4, what is -110011002 + 23?
-110010313
In base 6, what is -21 - 25535?
-30000
In base 12, what is -31 + 687b7?
68786
In base 4, what is -110120 - 111120?
-221300
In base 14, what is 44 - 7c2?
-77c
In base 3, what is -2210100 - 1?
-2210101
In base 8, what is 1 - 67411?
-67410
In base 5, what is 4042341 + 4?
4042400
In base 10, what is -4 - 510300?
-510304
In base 10, what is 1143 + 14?
1157
In base 5, what is -14040423 + 1?
-14040422
In base 13, what is 3 - 15b5b3?
-15b5b0
In base 2, what is 100000000100 - -101010001011?
1001010001111
In base 4, what is -323010222 - -12?
-323010210
In base 3, what is -12 - -201001220?
201001201
In base 12, what is -9 - 38b4?
-3901
In base 14, what is 57b + 195?
732
In base 11, what is 252454 + 3?
252457
In base 9, what is 162568 - -10?
162578
In base 16, what is -167d + -3?
-1680
In base 11, what is 16a7 - -6?
1702
In base 13, what is 5 - -4362?
4367
In base 13, what is 23 + bb9?
c0c
In base 8, what is 14766 - -1?
14767
In base 3, what is -1002212220 + -212?
-1002220202
In base 9, what is -607 + -201?
-808
In base 2, what is -100001010010011011 + 101?
-100001010010010110
In base 11, what is -2081023 - 1?
-2081024
In base 5, what is -20402 + -424?
-21331
In base 16, what is -58ba36 - 5?
-58ba3b
In base 4, what is 31 + -13221?
-13130
In base 11, what is 27aa1 + -13?
27a89
In base 13, what is -14b + -a6?
-224
In base 5, what is 2 + 20234321?
20234323
In base 14, what is 5 + -ab0?
-aa9
In base 10, what is 0 + 1828288?
1828288
In base 10, what is 48 + -4770?
-4722
In base 4, what is 111301323122 + 10?
111301323132
In base 9, what is 6 + -26541?
-26534
In base 6, what is -1 + 110345450?
110345445
In base 5, what is -3 + 2224240?
2224232
In base 10, what is -18 + 15127?
15109
In base 9, what is 108 - -1367?
1476
In base 5, what is -120124 - 41?
-120220
In base 8, what is 1 - -1717041?
1717042
In base 6, what is 4 - 1151510?
-1151502
In base 6, what is 3 + 1131400?
1131403
In base 6, what is -30340 + -112?
-30452
In base 3, what is 2110002001220 - 0?
2110002001220
In base 5, what is -213 + 22102?
21334
In base 7, what is 4 - -104131?
104135
In base 3, what is -10121 + 2122011?
2111120
In base 15, what is -c107 + 0?
-c107
In base 9, what is 5 - 2004765?
-2004760
In base 15, what is 1 - 6e1e?
-6e1d
In base 5, what is -1123440 + -11?
-1124001
In base 7, what is 3 - -4564?
4600
In base 16, what is -103e96 + -5?
-103e9b
In base 2, what is 100101100010 + 0?
100101100010
In base 10, what is -19 + -968?
-987
In base 13, what is -1 + 25c097?
25c096
In base 9, what is 4060864 + -5?
4060858
In base 2, what is -1101110011011100101 - -1010?
-1101110011011011011
In base 12, what is -2a + 239?
20b
In base 16, what is -2 + 27451?
2744f
In base 13, what is 14 - -5ac80?
5ac94
In base 7, what is -3 - -2264?
2261
In base 16, what is 5 + -35b8d?
-35b88
In base 10, what is -2 - 53280?
-53282
In base 12, what is 130ba6 - 1?
130ba5
In base 2, what is 10 - -100011110111?
100011111001
In base 5, what is -1214 + -1003?
-222